[INFO] fetching crate hematite-client 0.0.3...
[INFO] checking hematite-client-0.0.3 against try#72f88fc4e9458f89516a0b8b0868f3718aec5b47 for pr-74989
[INFO] extracting crate hematite-client 0.0.3 into /workspace/builds/worker-0/source
[INFO] validating manifest of crates.io crate hematite-client 0.0.3 on toolchain 72f88fc4e9458f89516a0b8b0868f3718aec5b47
[INFO] running `Command { std: "/workspace/cargo-home/bin/cargo" "+72f88fc4e9458f89516a0b8b0868f3718aec5b47" "read-manifest" "--manifest-path" "Cargo.toml", kill_on_drop: false }`
[INFO] started tweaking crates.io crate hematite-client 0.0.3
[INFO] finished tweaking crates.io crate hematite-client 0.0.3
[INFO] tweaked toml for crates.io crate hematite-client 0.0.3 written to /workspace/builds/worker-0/source/Cargo.toml
[INFO] running `Command { std: "/workspace/cargo-home/bin/cargo" "+72f88fc4e9458f89516a0b8b0868f3718aec5b47" "generate-lockfile" "--manifest-path" "Cargo.toml" "-Zno-index-update", kill_on_drop: false }`
[INFO] running `Command { std: "/workspace/cargo-home/bin/cargo" "+72f88fc4e9458f89516a0b8b0868f3718aec5b47" "fetch" "--locked" "--manifest-path" "Cargo.toml", kill_on_drop: false }`
[INFO] [stderr]     Blocking waiting for file lock on package cache
[INFO] [stderr]  Downloading crates ...
[INFO] [stderr]   Downloaded time-macros-impl v0.1.1
[INFO] [stderr]   Downloaded docopt v0.6.86
[INFO] [stderr]   Downloaded num-traits v0.1.43
[INFO] [stderr]   Downloaded bzip2 v0.3.3
[INFO] [stderr]   Downloaded stdweb-internal-macros v0.2.9
[INFO] [stderr]   Downloaded lazy_static v0.2.11
[INFO] [stderr]   Downloaded gl_common v0.1.0
[INFO] [stderr]   Downloaded stdweb v0.4.20
[INFO] [stderr]   Downloaded gfx_gl v0.2.0
[INFO] [stderr]   Downloaded color_quant v1.0.1
[INFO] [stderr]   Downloaded fps_counter v0.2.0
[INFO] [stderr]   Downloaded discard v1.0.4
[INFO] [stderr]   Downloaded stdweb-internal-runtime v0.1.5
[INFO] [stderr]   Downloaded const_fn v0.4.2
[INFO] [stderr]   Downloaded gl_generator v0.2.0
[INFO] [stderr]   Downloaded piston-float v0.2.0
[INFO] [stderr]   Downloaded podio v0.1.7
[INFO] [stderr]   Downloaded zip v0.1.19
[INFO] [stderr]   Downloaded gfx v0.8.1
[INFO] [stderr]   Downloaded bzip2-sys v0.1.9+1.0.8
[INFO] [stderr]   Downloaded enum_primitive v0.1.1
[INFO] [stderr]   Downloaded quaternion v0.2.1
[INFO] [stderr]   Downloaded piston-gfx_texture v0.6.1
[INFO] [stderr]   Downloaded sdl2-sys v0.7.0
[INFO] [stderr]   Downloaded msdos_time v0.1.6
[INFO] [stderr]   Downloaded standback v0.2.10
[INFO] [stderr]   Downloaded xml-rs v0.1.26
[INFO] [stderr]   Downloaded piston3d-cam v0.2.0
[INFO] [stderr]   Downloaded byteorder v0.3.13
[INFO] [stderr]   Downloaded libc v0.1.12
[INFO] [stderr]   Downloaded gfx_device_gl v0.7.0
[INFO] [stderr]   Downloaded array v0.0.1
[INFO] [stderr]   Downloaded base-x v0.2.6
[INFO] [stderr]   Downloaded fs2 v0.2.5
[INFO] [stderr]   Downloaded piston v0.16.0
[INFO] [stderr]   Downloaded memmap v0.2.3
[INFO] [stderr]   Downloaded camera_controllers v0.10.0
[INFO] [stderr]   Downloaded time v0.2.19
[INFO] [stderr]   Downloaded bitflags v0.3.3
[INFO] [stderr]   Downloaded byteorder v0.4.2
[INFO] [stderr]   Downloaded shader_version v0.2.2
[INFO] [stderr]   Downloaded image v0.5.4
[INFO] [stderr]   Downloaded strsim v0.5.2
[INFO] [stderr]   Downloaded pistoncore-input v0.8.1
[INFO] [stderr]   Downloaded pistoncore-sdl2_window v0.20.0
[INFO] [stderr]   Downloaded draw_state v0.2.0
[INFO] [stderr]   Downloaded piston-viewport v0.2.0
[INFO] [stderr]   Downloaded sha1 v0.6.0
[INFO] [stderr]   Downloaded pistoncore-window v0.14.0
[INFO] [stderr]   Downloaded stdweb-derive v0.5.3
[INFO] [stderr]   Downloaded khronos_api v0.0.8
[INFO] [stderr]   Downloaded inflate v0.1.1
[INFO] [stderr]   Downloaded vecmath v0.2.0
[INFO] [stderr]   Downloaded time-macros v0.1.0
[INFO] [stderr]   Downloaded lzw v0.9.0
[INFO] [stderr]   Downloaded gif v0.6.0
[INFO] [stderr]   Downloaded gl v0.3.0
[INFO] [stderr]   Downloaded pistoncore-event_loop v0.16.0
[INFO] [stderr]   Downloaded piston-texture v0.2.3
[INFO] [stderr]   Downloaded png v0.4.3
[INFO] [stderr]   Downloaded piston3d-gfx_voxel v0.5.0
[INFO] [stderr]   Downloaded sdl2 v0.11.0
[INFO] running `Command { std: "docker" "create" "-v" "/var/lib/crater-agent-workspace/builds/worker-0/target:/opt/rustwide/target:rw,Z" "-v" "/var/lib/crater-agent-workspace/builds/worker-0/source:/opt/rustwide/workdir:ro,Z" "-v" "/var/lib/crater-agent-workspace/cargo-home:/opt/rustwide/cargo-home:ro,Z" "-v" "/var/lib/crater-agent-workspace/rustup-home:/opt/rustwide/rustup-home:ro,Z" "-e" "SOURCE_DIR=/opt/rustwide/workdir" "-e" "CARGO_TARGET_DIR=/opt/rustwide/target" "-e" "CARGO_HOME=/opt/rustwide/cargo-home" "-e" "RUSTUP_HOME=/opt/rustwide/rustup-home" "-w" "/opt/rustwide/workdir" "-m" "1610612736" "--user" "0:0" "--network" "none" "rustops/crates-build-env@sha256:d92eaeed33fa75130ca1ee6c8a01d1ffb62bac859dfdfb3450e3e5d1c0146529" "/opt/rustwide/cargo-home/bin/cargo" "+72f88fc4e9458f89516a0b8b0868f3718aec5b47" "metadata" "--no-deps" "--format-version=1", kill_on_drop: false }`
[INFO] [stdout] edcb01012b54fab1eca94561bac4de0b228fa7b06c213ae870b9fe4213af9e97
[INFO] [stderr] WARNING: Your kernel does not support swap limit capabilities or the cgroup is not mounted. Memory limited without swap.
[INFO] running `Command { std: "docker" "start" "-a" "edcb01012b54fab1eca94561bac4de0b228fa7b06c213ae870b9fe4213af9e97", kill_on_drop: false }`
[INFO] running `Command { std: "docker" "inspect" "edcb01012b54fab1eca94561bac4de0b228fa7b06c213ae870b9fe4213af9e97", kill_on_drop: false }`
[INFO] running `Command { std: "docker" "rm" "-f" "edcb01012b54fab1eca94561bac4de0b228fa7b06c213ae870b9fe4213af9e97", kill_on_drop: false }`
[INFO] [stdout] edcb01012b54fab1eca94561bac4de0b228fa7b06c213ae870b9fe4213af9e97
[INFO] running `Command { std: "docker" "create" "-v" "/var/lib/crater-agent-workspace/builds/worker-0/target:/opt/rustwide/target:rw,Z" "-v" "/var/lib/crater-agent-workspace/builds/worker-0/source:/opt/rustwide/workdir:ro,Z" "-v" "/var/lib/crater-agent-workspace/cargo-home:/opt/rustwide/cargo-home:ro,Z" "-v" "/var/lib/crater-agent-workspace/rustup-home:/opt/rustwide/rustup-home:ro,Z" "-e" "SOURCE_DIR=/opt/rustwide/workdir" "-e" "CARGO_TARGET_DIR=/opt/rustwide/target" "-e" "CARGO_INCREMENTAL=0" "-e" "RUST_BACKTRACE=full" "-e" "RUSTFLAGS=--cap-lints=forbid" "-e" "CARGO_HOME=/opt/rustwide/cargo-home" "-e" "RUSTUP_HOME=/opt/rustwide/rustup-home" "-w" "/opt/rustwide/workdir" "-m" "1610612736" "--user" "0:0" "--network" "none" "rustops/crates-build-env@sha256:d92eaeed33fa75130ca1ee6c8a01d1ffb62bac859dfdfb3450e3e5d1c0146529" "/opt/rustwide/cargo-home/bin/cargo" "+72f88fc4e9458f89516a0b8b0868f3718aec5b47" "check" "--frozen" "--all" "--all-targets" "--message-format=json", kill_on_drop: false }`
[INFO] [stdout] 30c8d13ca7e5cf63bbef61ef39570b08a6d250ff2c2f92b7d527088a8daa3569
[INFO] [stderr] WARNING: Your kernel does not support swap limit capabilities or the cgroup is not mounted. Memory limited without swap.
[INFO] running `Command { std: "docker" "start" "-a" "30c8d13ca7e5cf63bbef61ef39570b08a6d250ff2c2f92b7d527088a8daa3569", kill_on_drop: false }`
[INFO] [stderr]     Checking rustc-serialize v0.3.24
[INFO] [stderr]     Checking bitflags v0.3.3
[INFO] [stderr]     Checking piston-float v0.2.0
[INFO] [stderr]    Compiling khronos_api v0.0.8
[INFO] [stderr]     Checking lzw v0.9.0
[INFO] [stderr]    Compiling sdl2-sys v0.7.0
[INFO] [stderr]     Checking inflate v0.1.1
[INFO] [stderr]    Compiling const_fn v0.4.2
[INFO] [stderr]     Checking byteorder v0.4.2
[INFO] [stderr]     Checking piston-texture v0.2.3
[INFO] [stderr]     Checking array v0.0.1
[INFO] [stderr]     Checking podio v0.1.7
[INFO] [stderr]     Checking lazy_static v0.2.11
[INFO] [stderr]     Checking byteorder v0.3.13
[INFO] [stderr]    Compiling num-integer v0.1.43
[INFO] [stderr]    Compiling num-iter v0.1.41
[INFO] [stderr]    Compiling miniz-sys v0.1.12
[INFO] [stderr]    Compiling standback v0.2.10
[INFO] [stderr]    Compiling bzip2-sys v0.1.9+1.0.8
[INFO] [stderr]    Compiling time v0.2.19
[INFO] [stderr]     Checking gl_common v0.1.0
[INFO] [stderr]     Checking draw_state v0.2.0
[INFO] [stderr]     Checking piston-viewport v0.2.0
[INFO] [stderr]     Checking vecmath v0.2.0
[INFO] [stderr]     Checking gif v0.6.0
[INFO] [stderr]     Checking memchr v0.1.11
[INFO] [stderr]    Compiling log v0.3.9
[INFO] [stderr]    Compiling xml-rs v0.1.26
[INFO] [stdout] error: no rules expected the token `flags`
[INFO] [stdout]    --> /opt/rustwide/cargo-home/registry/src/github.com-1ecc6299db9ec823/xml-rs-0.1.26/src/writer/emitter.rs:115:5
[INFO] [stdout]     |
[INFO] [stdout] 115 |     flags IndentFlags: u8 {
[INFO] [stdout]     |     ^^^^^ no rules expected this token in macro call
[INFO] [stdout] 
[INFO] [stdout] 
[INFO] [stderr]     Checking rand v0.3.23
[INFO] [stderr]     Checking msdos_time v0.1.6
[INFO] [stderr]     Checking fps_counter v0.2.0
[INFO] [stdout] error[E0433]: failed to resolve: use of undeclared type or module `IndentFlags`
[INFO] [stdout]   --> /opt/rustwide/cargo-home/registry/src/github.com-1ecc6299db9ec823/xml-rs-0.1.26/src/writer/emitter.rs:77:32
[INFO] [stdout]    |
[INFO] [stdout] 77 |             indent_stack: vec!(IndentFlags::empty()),
[INFO] [stdout]    |                                ^^^^^^^^^^^ use of undeclared type or module `IndentFlags`
[INFO] [stdout] 
[INFO] [stdout] 
[INFO] [stdout] error[E0412]: cannot find type `IndentFlags` in this scope
[INFO] [stdout]   --> /opt/rustwide/cargo-home/registry/src/github.com-1ecc6299db9ec823/xml-rs-0.1.26/src/writer/emitter.rs:64:23
[INFO] [stdout]    |
[INFO] [stdout] 58 | pub struct Emitter {
[INFO] [stdout]    |                   - help: you might be missing a type parameter: `<IndentFlags>`
[INFO] [stdout] ...
[INFO] [stdout] 64 |     indent_stack: Vec<IndentFlags>,
[INFO] [stdout]    |                       ^^^^^^^^^^^ not found in this scope
[INFO] [stdout] 
[INFO] [stdout] 
[INFO] [stdout] error[E0425]: cannot find value `WROTE_TEXT` in this scope
[INFO] [stdout]    --> /opt/rustwide/cargo-home/registry/src/github.com-1ecc6299db9ec823/xml-rs-0.1.26/src/writer/emitter.rs:131:52
[INFO] [stdout]     |
[INFO] [stdout] 131 |         self.indent_stack.last().unwrap().contains(WROTE_TEXT)
[INFO] [stdout]     |                                                    ^^^^^^^^^^ not found in this scope
[INFO] [stdout] 
[INFO] [stdout] 
[INFO] [stdout] error[E0425]: cannot find value `WROTE_MARKUP` in this scope
[INFO] [stdout]    --> /opt/rustwide/cargo-home/registry/src/github.com-1ecc6299db9ec823/xml-rs-0.1.26/src/writer/emitter.rs:136:52
[INFO] [stdout]     |
[INFO] [stdout] 136 |         self.indent_stack.last().unwrap().contains(WROTE_MARKUP)
[INFO] [stdout]     |                                                    ^^^^^^^^^^^^ not found in this scope
[INFO] [stdout] 
[INFO] [stdout] 
[INFO] [stdout] error[E0425]: cannot find value `WROTE_TEXT` in this scope
[INFO] [stdout]    --> /opt/rustwide/cargo-home/registry/src/github.com-1ecc6299db9ec823/xml-rs-0.1.26/src/writer/emitter.rs:141:50
[INFO] [stdout]     |
[INFO] [stdout] 141 |         *self.indent_stack.last_mut().unwrap() = WROTE_TEXT;
[INFO] [stdout]     |                                                  ^^^^^^^^^^ not found in this scope
[INFO] [stdout] 
[INFO] [stdout] 
[INFO] [stdout] error[E0425]: cannot find value `WROTE_MARKUP` in this scope
[INFO] [stdout]    --> /opt/rustwide/cargo-home/registry/src/github.com-1ecc6299db9ec823/xml-rs-0.1.26/src/writer/emitter.rs:146:50
[INFO] [stdout]     |
[INFO] [stdout] 146 |         *self.indent_stack.last_mut().unwrap() = WROTE_MARKUP;
[INFO] [stdout]     |                                                  ^^^^^^^^^^^^ not found in this scope
[INFO] [stdout] 
[INFO] [stdout] 
[INFO] [stdout] error[E0425]: cannot find value `WROTE_NOTHING` in this scope
[INFO] [stdout]    --> /opt/rustwide/cargo-home/registry/src/github.com-1ecc6299db9ec823/xml-rs-0.1.26/src/writer/emitter.rs:151:50
[INFO] [stdout]     |
[INFO] [stdout] 151 |         *self.indent_stack.last_mut().unwrap() = WROTE_NOTHING;
[INFO] [stdout]     |                                                  ^^^^^^^^^^^^^ not found in this scope
[INFO] [stdout] 
[INFO] [stdout] 
[INFO] [stdout] error[E0425]: cannot find value `WROTE_NOTHING` in this scope
[INFO] [stdout]    --> /opt/rustwide/cargo-home/registry/src/github.com-1ecc6299db9ec823/xml-rs-0.1.26/src/writer/emitter.rs:179:32
[INFO] [stdout]     |
[INFO] [stdout] 179 |         self.indent_stack.push(WROTE_NOTHING);
[INFO] [stdout]     |                                ^^^^^^^^^^^^^ not found in this scope
[INFO] [stdout] 
[INFO] [stdout] 
[INFO] [stderr]     Checking num-traits v0.1.43
[INFO] [stderr]     Checking aho-corasick v0.5.3
[INFO] [stderr]     Checking thread-id v2.0.0
[INFO] [stderr]     Checking fs2 v0.2.5
[INFO] [stderr]     Checking enum_primitive v0.1.1
[INFO] [stderr]     Checking thread_local v0.2.7
[INFO] [stderr]     Checking memmap v0.2.3
[INFO] [stderr]     Checking quaternion v0.2.1
[INFO] [stderr]    Compiling time-macros-impl v0.1.1
[INFO] [stderr]     Checking piston3d-cam v0.2.0
[INFO] [stdout] error: aborting due to 9 previous errors
[INFO] [stdout] 
[INFO] [stdout] 
[INFO] [stdout] Some errors have detailed explanations: E0412, E0425, E0433.
[INFO] [stdout] 
[INFO] [stdout] For more information about an error, try `rustc --explain E0412`.
[INFO] [stdout] 
[INFO] [stderr] error: could not compile `xml-rs`.
[INFO] [stderr] 
[INFO] [stderr] To learn more, run the command again with --verbose.
[INFO] [stderr] warning: build failed, waiting for other jobs to finish...
[INFO] [stderr] error: build failed
[INFO] running `Command { std: "docker" "inspect" "30c8d13ca7e5cf63bbef61ef39570b08a6d250ff2c2f92b7d527088a8daa3569", kill_on_drop: false }`
[INFO] running `Command { std: "docker" "rm" "-f" "30c8d13ca7e5cf63bbef61ef39570b08a6d250ff2c2f92b7d527088a8daa3569", kill_on_drop: false }`
[INFO] [stdout] 30c8d13ca7e5cf63bbef61ef39570b08a6d250ff2c2f92b7d527088a8daa3569
